etermine k(-21).
-8
Let m(i) = -28*i + 78. Calculate m(3).
-6
Let r(d) = -6*d - 19. Give r(-2).
-7
Let t(y) = -7*y**2 + 51*y - 17. What is t(7)?
-3
Let x(y) = 8*y - 74. Calculate x(8).
-10
Let i(q) = -q**2 + 9*q - 5. What is i(7)?
9
Let p(a) = a**3 + 9*a**2 + 6*a - 12. Calculate p(-6).
60
Let u(s) = -s**3 + 12*s**2 - 3*s - 11. Give u(12).
-47
Let m(r) = -6*r + 9. Calculate m(3).
-9
Let y(g) = -2*g**2 + 15*g + 89. Determine y(12).
-19
Let o(l) = 3*l**3 + 4*l**2 - 2*l - 2. Give o(-3).
-41
Let n(x) = x**3 + 7*x**2 + 11*x - 16. Determine n(-6).
-46
Let a(l) = -46*l - 362. Calculate a(-8).
6
Let p(v) = -v**3 + 6*v**2 + 5*v + 8. Give p(7).
-6
Let v(r) = -6*r**2 - 15*r + 5. Give v(-3).
-4
Let a(g) = 20*g + 1. Determine a(-3).
-59
Let j(i) = -9*i + 27. Calculate j(4).
-9
Let n(p) = -p**2 + 3*p + 5. Give n(-4).
-23
Let u(c) = -c**3 + c**2 + 4. Give u(0).
4
Let q(k) = 3*k + 1. Calculate q(5).
16
Let z(b) = -5*b**2 + 13*b + 6. What is z(3)?
0
Let v(l) = -l**3 - 6*l**2 + 7*l + 12. Give v(-7).
12
Let j(g) = -g**3 - 6*g**2 - 7*g - 4. Determine j(-2).
-6
Let n(u) = 5*u + 1. Calculate n(1).
6
Let p(m) = -3*m + 1. Calculate p(-8).
25
Let x(r) = 3*r + 24. What is x(-6)?
6
Let d(q) = 2*q**2 + 3. What is d(-2)?
11
Let b(w) = w - 10. What is b(7)?
-3
Let g(x) = -x**3 - 12*x**2 - 10. Give g(-12).
-10
Let p(h) = -5*h**3 - 2*h**2 + 1. Determine p(1).
-6
Let y(v) = 6*v**2 - 26*v + 2. What is y(4)?
-6
Let v(w) = 3*w - 137. What is v(49)?
10
Let g(y) = 10*y. Determine g(-5).
-50
Let l(j) = -31*j**2. Calculate l(-1).
-31
Let c(m) = m**2 + 32*m - 62. Give c(-34).
6
Let j(p) = -8*p - 49. Determine j(-5).
-9
Let c(a) = a**3 + 18*a**2 - 18*a + 17. Determine c(-19).
-2
Let x(q) = -11*q**2 + 57*q - 7. Determine x(5).
3
Let n(a) = -34*a**2 + 2*a - 1. What is n(1)?
-33
Let h(o) = -o**3 + 9*o**2 - 12*o + 3. Determine h(6).
39
Let o(k) = k**3 - k**2 - 2*k + 3. What is o(0)?
3
Let c(n) = 3*n + 3. What is c(0)?
3
Let k(a) = 17*a - 10. Determine k(5).
75
Let o(w) = -2*w. What is o(2)?
-4
Let n(d) = -7*d**2 + 18*d - 6. Give n(5).
-91
Let w(k) = -2*k**2 - 70*k - 5. What is w(-36)?
-77
Let s(i) = -i**2 + 43*i + 98. Determine s(45).
8
Let a(j) = j**2 - 13*j + 8. Calculate a(6).
-34
Let m(o) = 5*o - 21. Calculate m(0).
-21
Let i(j) = 2*j + 27. Determine i(-6).
15
Let k(c) = 2*c**2 + 46*c + 23. Calculate k(-22).
-21
Let k(j) = -j + 4. Give k(11).
-7
Let c(p) = -p**3 + 2*p**2 + 10*p + 11. Calculate c(-2).
7
Let j(o) = -o**2 - 5*o + 5. Determine j(-4).
9
Let w(k) = -8*k - 1. Give w(-2).
15
Let x(v) = -3*v + 47. Calculate x(10).
17
Let o(v) = -7*v**3 - 3*v**2 + 13*v + 14. Give o(-1).
5
Let w(a) = a**3 + 6*a**2 + a + 11. What is w(-5)?
31
Let y(k) = -13*k - 2. Determine y(3).
-41
Let p(r) = 10*r**3 + r**2 - 1. Calculate p(1).
10
Let s(t) = -2*t + 12. Calculate s(-5).
22
Let a(o) = o + 8. Determine a(-12).
-4
Let g(k) = -k**3 + 11*k**2 - 7*k - 9. Determine g(10).
21
Let x(a) = -3*a**2 - 17*a - 24. Give x(-5).
-14
Let n(q) = -7*q - 172. Determine n(-31).
45
Let t(x) = -x**2 - 7*x - 2. Calculate t(-9).
-20
Let j(t) = t**2 - 21*t - 32. Determine j(23).
14
Let b(g) = -4*g - 3. Give b(1).
-7
Let f(a) = -4*a + 37. Determine f(7).
9
Let h(z) = -z**3 + 2*z**2 + 7*z + 1. What is h(-2)?
3
Let t(o) = o**2 - 14*o + 4. Calculate t(14).
4
Let m(b) = b**2 + 56*b - 584. What is m(9)?
1
Let q(x) = -x**3 + 6*x**2 + 8*x - 7. Give q(7).
0
Let i(v) = v**3 - 10*v**2 + 13*v - 30. Calculate i(9).
6
Let r(u) = -10*u - 17. Determine r(-3).
13
Let u(h) = -h**2 - 11*h - 18. Determine u(-6).
12
Let d(k) = k**3 + 7*k**2 + 2*k + 2. What is d(-5)?
42
Let c(r) = -r**3 - 42*r**2 + 47*r + 175. Determine c(-43).
3
Let r(t) = -t**3 + 29*t**2 + 2*t - 39. Calculate r(29).
19
Let w(f) = -2*f**3 + 3*f**2 + 2*f - 2. Give w(4).
-74
Let z(o) = 2*o**2 + 2*o - 47. What is z(-5)?
-7
Let u(a) = 15*a**2 - 1. What is u(1)?
14
Let q(c) = -3*c - 37. Calculate q(-9).
-10
Let k(l) = -21*l - 2. What is k(-3)?
61
Let m(a) = -5*a - 11. Determine m(5).
-36
Let v(j) = -j - 36. Determine v(0).
-36
Let b(p) = -p - 13. Give b(-6).
-7
Let l(a) = 10*a + 135. Give l(-13).
5
Let r(f) = -f**3 + 4*f**2 - 6*f + 10. Give r(3).
1
Let q(d) = d**3 + 8*d**2 - 12*d + 2. What is q(-9)?
29
Let h(i) = i**3 - 15*i**2 + 35*i + 18. Determine h(13).
135
Let c(a) = -a + 34. What is c(10)?
24
Let l(y) = -6*y**2 - 3*y. What is l(-3)?
-45
Let c(w) = 2*w**2 + 32*w + 146. Calculate c(-6).
26
Let m(h) = -2*h - 7. Determine m(-5).
3
Let j(a) = -8*a - 13. Calculate j(-2).
3
Let q(h) = -h**3 - 5*h**2 - 10*h - 16. Calculate q(-4).
8
Let m(i) = 24*i**3 - 2*i + 1. What is m(1)?
23
Let q(s) = 6*s**3 - 66*s**2 - 6*s + 58. Calculate q(11).
-8
Let h(j) = -j**3 + j**2 + 6*j - 1. Give h(3).
-1
Let u(w) = -w**2 - 12*w - 13. Calculate u(-11).
-2
Let o(z) = -z**3 + 3*z**2 + 2*z - 6. Give o(5).
-46
Let a(f) = 3*f**3 + 2*f - 1. Calculate a(2).
27
Let x(t) = -2*t**2 + 2*t + 2. Give x(0).
2
Let r(u) = -2*u**2 + 11*u + 12. Determine r(6).
6
Let g(s) = -s**2 + 22*s - 60. Give g(3).
-3
Let a(p) = p - 23. Give a(10).
-13
Let v(t) = 3*t - 72. Calculate v(17).
-21
Let l(o) = -4*o + 59. Determine l(17).
-9
Let b(r) = 19*r - 21. Determine b(2).
17
Let r(x) = -x**2 + 11*x - 26. What is r(8)?
-2
Let l(m) = 3*m - 49. Give l(12).
-13
Let x(v) = 3*v**2 - 17*v - 5. What is x(5)?
-15
Let z(s) = 5*s**2 + 3*s - 1. What is z(2)?
25
Let p(l) = l**2 + l - 5. Calculate p(-5).
15
Let x(s) = s + 1. Determine x(-5).
-4
Let u(h) = 6*h**2 - 18*h. Calculate u(4).
24
Let s(n) = -2*n - 6. Calculate s(-7).
8
Let t(f) = 10*f + 9. Give t(-2).
-11
Let o(p) = -3*p**3 - 2*p**2 + 3*p - 4. Give o(2).
-30
Let r(q) = 19*q + 115. What is r(-6)?
1
Let u(o) = -o**2 + 7*o - 4. Determine u(6).
2
Let v(r) = 3*r - 11. Give v(2).
-5
Let x(g) = 6*g**3 - g**2 + g. What is x(2)?
46
Let v(k) = k**3 - 4*k**2 - 9*k - 13. Give v(6).
5
Let m(i) = i**3 + 18*i**2 - 8*i - 142. Calculate m(-18).
2
Let z(g) = -g**2 - 11*g - 15. Give z(-12).
-27
Let q(b) = -b**3 + 5*b**2 - 8*b + 8. What is q(5)?
-32
Let t(h) = -6*h**2 + 1. What is t(-1)?
-5
Let w(n) = 2*n + 19. Calculate w(0).
19
Let o(s) = -8*s**3 - s**2 - s + 2. Give o(1).
-8
Let h(v) = 38*v. Determine h(-1).
-38
Let t(v) = 7*v + 2. Calculate t(2).
16
Let r(a) = -a**3 + 13*a**2 + 2*a - 31. What is r(13)?
-5
Let y(t) = -t**2 + 14*t - 17. Give y(5).
28
Let m(q) = q**3 + 13*q**2 + 3*q + 26. Give m(-13).
-13
Let u(a) = a**2 + 7*a - 5. Calculate u(-6).
-11
Let l(n) = -n**3 - 2*n**2 - n + 7. Calculate l(0).
7
Let j(d) = -d**3 + 3*d**2 + 11*d + 6. Give j(5).
11
Let y(z) = 10*z - 8. What is y(4)?
32
Let p(s) = s + 3. Give p(-2).
1
Let n(s) = s**3 + 6*s**2 - 2. Give n(-6).
-2
Let c(w) = w**3 - w**2 - w - 29. Give c(0).
-29
Let v(o) = o**3 - 29*o**2 - 94*o - 68. Determine v(32).
-4
Let x(k) = -2*k - 15. Determine x(-5).
-5
Let s(q) = -168*q + 1174. Determine s(7).
-2
Let v(j) = j**2 + 8*j - 2. Calculate v(-7).
-9
Let l(z) = -z**2 + z - 2. Determine l(3).
-8
Let j(l) = -l**3 + 9*l**2 - 17*l + 12. Determine j(7).
-9
Let j(r) = -r**2 + r + 10. Give j(-5).
-20
Let z(w) = w**3 + 8*w**2 + w - 4. Give z(-3).
38
Let a(o) = -2*o**3 + 3*o**2 + 6*o - 9. What is a(2)?
-1
Let o(z) = -2*z + 2. Calculate o(-7).
16
Let a(t) = -t**3 - 7*t**2 - 6*t + 4. Calculate a(-5).
-16
Let k(b) = 15*b - 17. Calculate k(8).
103
Let m(z) = -z**2 - 25*z - 15. What is m(-10)?
135
Let d(g) = -g - 2. What is d(5)?
-7
Let j(o) = o**2 - 7*o - 14. Calculate j(9).
4
Let n(x) = -x**3 + 11*x**2 + 14*x - 12. Determine n(12).
12
Let f(w) = -w**2 - 4*w - 1. What is f(10)?
-141
Let z(h) = -h**3 - 7*h**2 - 7*h - 3. Determine z(-5).
-18
Let t(d) = d**3 + d**2 - 42*d + 10. Determine t(-7).
10
Let m(o) = 16*o + 175. Determine m(-13).
-33
Let g(c) = c**3 - 9*c**2 - 12*c + 11. Determine g(10).
-9
Let l(i) = 5*i + 36. Determine l(-10).
-14
Let n(c) = c**3 - 4*c**2 + 2*c - 9. Calculate n(5).
26
Let h(m) = -m**2 - 5*m + 17. Give h(9).
-109
Let s(n) = n**3 - 6*n**2 - 11*n + 4. Calculate s(7).
-24
Let l(u) = -4*u - 35. Calculate l(-11).
9
Let k(g) = g**3 - 16*g**2 + 28*g + 12. Give k(14).
12
Let f(q) = q + 9. Give f(-7).
2
Let s(k) = -4*k**2 + 20*k - 12. Give s(4).
4
Let z(m) = m**3 - 10*m**2 + 10*m - 7. What is z(9)?
2
Let l(m) = -m**3 + 8*m**2 - m + 1. Determine l(7).
43
Let i(s) = -11*s + 565. Calculate i(51).
4
Let j(v) = 86*v - 7. Calculate j(-2).
-179
Let h(p) = 